4*y - 35*y - 45*y - 45*y. Let b(g) = -13*g + 8. Let s(m) = -5*a(m) - 7*b(m). What is s(6)?
-25
Let q(r) be the first derivative of r**3 + 5*r**2/2 - 18*r - 70. Let k be q(2). Let i(h) = h**2 - 2*h - 1. What is i(k)?
7
Let p be (12/(-9))/(-2 + (-35)/(-21)). Let j(r) be the second derivative of -4/3*r**3 - r**2 + 16*r + 0 - 1/12*r**p. Determine j(-5).
13
Suppose 112 = -3*m + 11*m. Suppose m*w = 9*w + 30. Let y(n) = n**2 - 9*n + 13. Calculate y(w).
-5
Let l be 5 - (1 - ((2 - -1) + -13)). Let p(j) = 3*j - 11. Let t(f) = 4*f - 12. Let b = -8 + 4. Let x(o) = b*t(o) + 5*p(o). Give x(l).
-1
Let q(w) = -13*w**2 + 11*w + 13. Let p(z) = -45*z**2 + 32*z + 40. Let r(u) = -2*p(u) + 7*q(u). Determine r(15).
-19
Suppose 29 - 44 = -5*b. Suppose -o = -b*o + 3*o. Let h(f) = -f - 24. Determine h(o).
-24
Let d = 390 - 404. Let z(w) = -2*w**2 - 27*w + 12. Let j be z(d). Let u(t) = -t**3 - 3*t**2 + t + 2. Calculate u(j).
-4
Let v(s) = s**2 - 2*s - 1. Suppose -i = i - 2. Suppose -t - i = -7. Let k be -3*1*(-4)/t. What is v(k)?
-1
Suppose w - 10 = -w. Suppose -w*y - 8 = 4*m, 1 - 3 = m. Suppose y = -5*s - 5*j + 30, s - j - 3*j = -9. Let a(g) = g**3 - 4*g**2 + 3*g - 4. Calculate a(s).
-4
Let o(z) be the third derivative of 7*z**4/12 + 17*z**3/3 + 4476*z**2. Give o(-7).
-64
Let a = 68 - 41. Let f = a + -26. Let i(c) = c + f + 3*c - 3*c - 3*c. What is i(-4)?
9
Let y be (66/30 + -3)/((-7)/175). Let g(n) = n**3 - 20*n**2 + 3*n - 35. What is g(y)?
25
Let y be 1/4*(36 - 24). Let h be (-15)/10*(-8)/y. Let r(f) = -h + 10*f - f - 6*f + 3. Determine r(1).
2
Let t(u) = 17*u**2 - u - 1. Let b(r) = 16*r**2 - 15*r - 20. Let l(j) = b(j) - t(j). Give l(-12).
5
Let q = 7 + -3. Suppose -x = 2*x - 4*o + 13, -3*x - q*o = 5. Let h(w) = -26*w - 4. Let p(r) = 17*r + 3. Let f(l) = -5*h(l) - 8*p(l). Calculate f(x).
14
Let t = -5059 - -5050. Let i(r) = r**2 + 7*r + 12. Determine i(t).
30
Suppose -24*w - 20 - 262 = 150. Let f(q) = 2*q - 9. Calculate f(w).
-45
Let x(f) be the second derivative of 0 - 10*f + 1/2*f**2 - 1/20*f**5 + 1/12*f**4 - 1/2*f**3. Calculate x(2).
-9
Let q(a) = a**3 - 8*a**2 + 6*a + 3. Suppose 58 = -4*s + 2. Let d = s + 32. Suppose 5*m - 53 + d = 0. Give q(m).
-4
Let l(q) = q - 4. Let f(b) = 11*b - 48. Let w(r) = 16*r - 72. Let d(k) = -7*f(k) + 5*w(k). Let p be d(-7). Let o = p + 49. Determine l(o).
0
Suppose -11*y - 5 - 28 = 0. Let u = -19 - -21. Let p(w) = 2*w**3 + 0*w**2 + 3*w**2 + 0*w**2 - u*w. Give p(y).
-21
Let f(b) be the third derivative of -91*b**4/24 + b**3/3 + 3*b**2 - 37*b. Calculate f(-1).
93
Let q(c) = -6 + 6*c - 22*c - 178*c**2 + 17*c + 174*c**2 - 2*c**3. Calculate q(-4).
54
Let l(x) = x**2 + 3*x - 4. Suppose 11*k = 75*k + 384. Calculate l(k).
14
Let g(j) be the first derivative of j**2/2 - 52*j + 646. Calculate g(20).
-32
Let l(y) be the third derivative of 1/30*y**6 + 0 + 5*y**2 + 0*y**5 + 0*y - 1/6*y**3 + 1/12*y**4. Let p be -2*2/8*(-12)/6. Calculate l(p).
5
Suppose 5*b - 20 = -2*w, 4*b + 18 = 3*b + 4*w. Let q(u) = -u - 4 + 2 + b - 2. Let p = -39 - -35. Determine q(p).
2
Let q(h) be the second derivative of -h**5/20 - h**4/12 + 41*h**2/2 + 1630*h. What is q(0)?
41
Let c be 1/(-3) + (-14)/(-6). Let r = -13231 + 13305. Let p(s) = -40*s**2 - s - 25*s**3 - 35*s**2 + r*s**c. What is p(-1)?
25
Let w(u) be the third derivative of u**5/60 - u**4/3 + 2*u**3 + 146*u**2 + 5*u - 5. What is w(2)?
0
Let b(x) = -x**2 + 1 - 33*x + 31*x + 3*x. What is b(2)?
-1
Let w(s) = 9*s - 62. Suppose 4*m + 3*g = 39, 0 = -4*m - 2*g - 25 + 67. What is w(m)?
46
Let u(a) = -7*a - 9. Suppose -2*d - 12 = 11*o - 3*o, 5*d + 51 = o. Determine u(d).
61
Let n(s) = s**3 - 2*s**2 + s - 6. Suppose -x = -g - 3, 5*x - 16*g = -14*g + 15. Calculate n(x).
6
Let k(t) be the first derivative of -t**5/20 - t**4/3 + t**3/6 + 7*t**2/2 + 72*t + 116. Let c(z) be the first derivative of k(z). What is c(-3)?
-5
Let x(p) = -15 - 8 + 11 - 15 - 3*p - 7. Determine x(-15).
11
Let u(j) = j**2 + 9*j - 5. Let p be (123/2)/1 - 69/46. Suppose 228*k - 222*k = -p. Determine u(k).
5
Let w(t) = t - 2. Let n be w(-5). Let g(p) = 2*p + 9. Let o(a) = -97 - 2*a + a + 97. Let m(k) = g(k) - 2*o(k). What is m(n)?
-19
Let p(s) be the third derivative of -11*s**7/2520 + s**6/720 + 15*s**4/8 - s**3/6 - 24*s**2. Let b(g) be the second derivative of p(g). What is b(-1)?
-12
Let s(j) = 717*j - 3 - 381*j - 331*j. What is s(-3)?
-18
Let i(x) be the third derivative of -2*x**6/15 + x**5/30 + x**4/4 + 2*x**3/3 + 9*x**2 + 6*x. Give i(-1).
16
Let o = 3 - -1. Let q(x) be the second derivative of -x**5/20 + x**4/6 + 5*x**3/6 - 3*x**2 - 98437*x. Give q(o).
-18
Let b(k) = 10*k + 1. Let j(g) = -102*g - 6. Let h(z) = 7*b(z) + j(z). What is h(-2)?
65
Let u(r) = -r**3 - 7*r**2 - 6*r - 25. Let t be (-14 - -1) + 24/3. Let s(l) = l**3 + 6*l**2 + 5*l + 29. Let w(g) = t*u(g) - 6*s(g). Give w(0).
-49
Let u be (-1 - 1/(-4))*-8. Let i(s) be the first derivative of -s**2 + 10*s - 25872. Calculate i(u).
-2
Let p(d) = -d**3 + 3*d**2 - 3*d - 4. Suppose 0 = 3*n - 24 + 12. Give p(n).
-32
Suppose -3*c = k - 6 + 15, 11 = 5*k + c. Let v(r) = 5*r - 31*r**2 + 36*r**2 + r**3 + k + 3 - 3 - 2*r. What is v(-5)?
-12
Let l(n) = -n**3 - 3*n**2 + 4*n + 5. Let u(g) = 26*g + 38. Let f be u(2). Suppose f = 5*k + 105. Calculate l(k).
-7
Let h(z) be the third derivative of -5*z**4/8 + 35*z**3/3 - 179*z**2. Calculate h(5).
-5
Let l(g) = 5*g + 15*g + 3*g + 1. Let a(i) = -8*i - 119. Suppose 0 = -5*s - 5*b - 55, 5*b = 2*s + 46 + 4. Let m be a(s). Give l(m).
24
Let b(t) be the second derivative of t**4/12 + 7*t**3/6 + 4*t**2 + 1060*t. What is b(-5)?
-2
Let o(i) = 4*i**2 - 4*i + 10. Let s be (1 - 85)/((-15)/30). Let z(w) = s - 169 + 0*w**2 - w**2. Let p(k) = -o(k) - 5*z(k). Calculate p(-6).
7
Let x(w) be the second derivative of 24*w - 1/6*w**3 - 5*w**2 + 0. What is x(-5)?
-5
Let w(m) = -3 + 7*m**2 + 3 - 2*m + m**3. Let q(b) = 118*b**2 - 211*b**2 + 113*b**2 + 2*b - 8*b + 3*b**3. Let o(k) = -4*q(k) + 11*w(k). Calculate o(-4).
8
Suppose 5*o = a - 31, -3*a + 2*a - 9 = 3*o. Suppose 3*x - x = a. Let j(d) = -27 - 4*d**3 + 102*d**2 - 99*d**2 + 30 + 3*d**3 + 2*d. Calculate j(x).
9
Let k = 11 - -5. Let m(j) = 5*j + 6*j**3 + 9*j**3 + 6*j**2 - k*j**3 + 8. Suppose -72 + 29 = -5*r - 4*t, 3*r - 31 = -5*t. What is m(r)?
-6
Let d be -9 - (14/(-5) - (-2)/(-10)). Let x(i) = 4*i + 22. Determine x(d).
-2
Let t be 12/12*(-36)/9*-1. Let o(d) = -2*d**2 - 5*d + 1. Give o(t).
-51
Let j(d) be the third derivative of -d**4/8 + 2*d**3/3 + d**2. Let x be 18*2/(-7)*(27 + (-12247)/444). Determine j(x).
-5
Suppose 0*l + 14*l + 42 = 0. Let w(q) be the first derivative of q**3/3 - q**2/2 + 42. Give w(l).
12
Let w be (-9)/2*18/(-27). Let b(f) = 2*f. Let p(h) = 5*h. Let n = 52 - 46. Let z(g) = n*p(g) - 14*b(g). Calculate z(w).
6
Let q be 2*-5*4/(-8). Suppose -3*a - 9 = -5*s, -q = -5*s + 3*a + 2*a. Let l(b) be the second derivative of b**4/12 - b**3/3 + 9479*b. Determine l(s).
3
Let s(k) = 4*k + 19. Let p be s(5). Suppose -13*i + p = -0*i. Let q(o) = -2*o - 3*o + i + 3*o + 2*o**2 - 2. Give q(3).
13
Let a be (0 + 31)/(768/255 + -3). Let w(o) = -a*o - 1 + 2637*o - 3. Calculate w(-3).
-10
Let z(m) = 4*m**3 + 45*m**2 + 26*m - 24. Let i(g) = g**3 + 12*g**2 + g - 3. Let b(o) = 2*i(o) - z(o). Give b(-9).
-9
Let c(v) = v**2 - 131. Let d(m) = m**2 + 1. Let q(g) = c(g) - 2*d(g). Let x(z) be the first derivative of q(z). What is x(5)?
-10
Let s(i) = 34*i**2 + 446 - 446. Give s(-1).
34
Let o(n) be the first derivative of 12*n + 1/2*n**2 - 89. Calculate o(-5).
7
Let x(m) = -69*m**2 - 2*m - 9. Let o(i) = -35*i**2 - i - 5. Let y(j) = 11*o(j) - 6*x(j). Suppose 4*z + 32 = 6*k, -3*z = -62*k + 59*k + 15. Determine y(z).
29
Let r(a) = 5*a**3 + 74*a**2 - 13*a + 33. Let f be r(-15). Let n(c) be the third derivative of -c**5/30 + c**4/6 - c**3/2 - c**2. Give n(f).
-9
Let s(o) = 5*o**2 - 2*o + 1. Let i = 17 - 14. Suppose -b = i*a + 17, -2*a = 5*b - 3*b + 18. Let v = 6 + b. Determine s(v).
4
Let h(v) be the third derivative of 92*v**2 - 2/3*v**3 - 1/24*v**4 - 1/60*v**5 + 0 + 0*v. Determine h(0).
-4
Let u(w) = w**3 - 19*w**2 + 7*w - 97. Let x(o) = -o**3 + 19*o**2 - 5*o + 104. Let i(l) = -9*u(l) - 8*x(l). Give i(18).
-49
Let y(t) = t**2 + 12*t + 9. Let z be (2 + 16/(-6))*(-1 + (-3 - -19)). What is y(z)?
-11
Let s(g) be the second derivative of -g**2 +